{"id":5,"date":"2013-09-12T14:52:45","date_gmt":"2013-09-12T12:52:45","guid":{"rendered":"http:\/\/www.lordtom.nazwa.pl\/MM_biuro_rachunkowe\/?page_id=5"},"modified":"2013-10-24T08:42:16","modified_gmt":"2013-10-24T06:42:16","slug":"o-nas","status":"publish","type":"page","link":"https:\/\/ksiegowoscmm.pl\/","title":{"rendered":"O Nas"},"content":{"rendered":"<h6><span style=\"color: #eaeae1;\">Dla klient\u00f3w z Dzielnic\u00a0 Wroc\u0142awia: Psie Pole, \u015ar\u00f3dmie\u015bcie, Fabryczna, Krzyki, Stare Miasto oraz Gminy D\u0142ugo\u0142\u0119ka, Gminy Czernica, Gminy Ole\u015bnica, Gminy Zawonia, oferujemy bezp\u0142atny odbi\u00f3r dokument\u00f3w od klienta.<\/span><\/h6>\n<h4>Misj\u0105 naszego biura jest zapewnienie wsp\u00f3\u0142pracuj\u0105cym z nami przedsi\u0119biorcami us\u0142ug ksi\u0119gowo-kadrowych na najwy\u017cszym, profesjonalnym poziomie.<\/h4>\n<p style=\"text-align: justify;\">Do Twojej dyspozycji oddajemy nasz\u0105 wiedz\u0119, do\u015bwiadczenie i zaanga\u017cowanie. Skorzystaj z us\u0142ug naszego biura rachunkowego! W naszej ofercie znajdziesz profesjonalne us\u0142ugi ksi\u0119gowe w atrakcyjnej cenie. Sprawd\u017a nasz cennik!<\/p>\n<p style=\"text-align: justify;\">Prowadzimy ksi\u0119gowo\u015b\u0107 os\u00f3b fizycznych, sp\u00f3\u0142ek osobowych (sp\u00f3\u0142ek cywilnych, jawnych, partnerskich, komandytowych) oraz pe\u0142n\u0105 ksi\u0119gowo\u015b\u0107 sp\u00f3\u0142ek akcyjnych, sp\u00f3\u0142ek z o.o., fundacji i stowarzysze\u0144. Z naszym biurem rachunkowym ksi\u0119gowo\u015b\u0107 staje si\u0119 prostsza!<\/p>\n<p style=\"text-align: justify;\">Posiadamy niezb\u0119dne kwalifikacje uprawniaj\u0105ce do us\u0142ugowego prowadzenia ksi\u0105g rachunkowych i ewidencji podatkowych (rycza\u0142t, ksi\u0119ga przychod\u00f3w i rozchod\u00f3w, ewidencje VAT) potwierdzone Certyfikatem Ksi\u0119gowym wydanym przez Ministra Finans\u00f3w. Biuro rachunkowe obj\u0119te jest ubezpieczeniem od odpowiedzialno\u015bci cywilnej. W naszym biurze rachunkowym MM stosujemy nowoczesne i przyjazne zasady wsp\u00f3\u0142pracy. Wsp\u00f3\u0142praca z nami to wygoda i bezpiecze\u0144stwo dla Twojej Firmy!<\/p>\n<p>Maj\u0105c na uwadze cenny czas w\u0142a\u015bcicieli Firm zapewniamy obs\u0142ug\u0119 ksi\u0119gowo-kadrow\u0105, mamy tak\u017ce w swojej ofercie wsp\u00f3\u0142prac\u0119 z :<\/p>\n<ul>\n<li>\n<h6>Agencj\u0105 Ubezpieczeniow\u0105 PZU najwi\u0119kszej i najpewniejszej firmy ubezpieczeniowej na rynku Polskim,<\/h6>\n<\/li>\n<li>\n<h6>Kancelari\u0105 Prawnicz\u0105 KRONN- znanej we Wroc\u0142awiu od 2002 roku, Zesp\u00f3\u0142 Radc\u00f3w Prawnych zapewniaj\u0105cych kompleksow\u0105 obs\u0142ug\u0119 podmiot\u00f3w gospodarczych ,<\/h6>\n<\/li>\n<li>\n<h6>Specjalist\u0105 ds. BHP: zapewniaj\u0105cym pe\u0142n\u0105 obs\u0142ug\u0119 firmy pod wzgl\u0119dem BHP i Ppo\u017c. oraz reprezentuj\u0105cy firm\u0119 przed Pa\u0144stwow\u0105 Inspekcj\u0105 Pracy.<\/h6>\n<\/li>\n<\/ul>\n<p>Op\u0142aty za nasze us\u0142ugi s\u0105 ustalane indywidualnie dla ka\u017cdej firmy. Zale\u017c\u0105 one od ilo\u015bci pracy, jak\u0105 musimy przeznaczy\u0107 na Pa\u0144stwa firm\u0119. G\u0142\u00f3wnymi czynnikami maj\u0105cymi wp\u0142yw na cen\u0119 s\u0105:<\/p>\n<ul>\n<li>\n<h6>rodzaj ewidencji ksi\u0119gowej,<\/h6>\n<\/li>\n<li>\n<h6>ilo\u015bci dokument\u00f3w z jednego miesi\u0105ca,<\/h6>\n<\/li>\n<li>\n<h6>ilo\u015bci zatrudnionych os\u00f3b, jak i ich rotacji,<\/h6>\n<\/li>\n<li>\n<h6>profilu dzia\u0142alno\u015bci.<\/h6>\n<\/li>\n<\/ul>\n<p style=\"text-align: justify;\">Dla klient\u00f3w z Dzielnic\u00a0 Wroc\u0142awia: Psie Pole, \u015ar\u00f3dmie\u015bcie, Fabryczna, Krzyki, Stare Miasto oraz Gminy D\u0142ugo\u0142\u0119ka, Gminy Czernica, Gminy Ole\u015bnica, Gminy Zawonia, oferujemy bezp\u0142atny odbi\u00f3r dokument\u00f3w od klienta.<\/p>\n<p>Aby uzyska\u0107 szczeg\u00f3\u0142ow\u0105 ofert\u0119 prosimy o <a href=\"http:\/\/ksiegowoscmm.pl\/?page_id=11\">kontakt<\/a>.<\/p>\n","protected":false},"excerpt":{"rendered":"<p>Dla klient\u00f3w z Dzielnic\u00a0 Wroc\u0142awia: Psie Pole, \u015ar\u00f3dmie\u015bcie, Fabryczna, Krzyki, Stare Miasto oraz Gminy D\u0142ugo\u0142\u0119ka, Gminy Czernica, Gminy Ole\u015bnica, Gminy Zawonia, oferujemy bezp\u0142atny odbi\u00f3r dokument\u00f3w od klienta. Misj\u0105 naszego biura jest zapewnienie wsp\u00f3\u0142pracuj\u0105cym z nami przedsi\u0119biorcami us\u0142ug ksi\u0119gowo-kadrowych na najwy\u017cszym, profesjonalnym poziomie. Do Twojej dyspozycji oddajemy nasz\u0105 wiedz\u0119, do\u015bwiadczenie i zaanga\u017cowanie. Skorzystaj z us\u0142ug naszego [&hellip;]<\/p>\n","protected":false},"author":1,"featured_media":0,"parent":0,"menu_order":1,"comment_status":"closed","ping_status":"closed","template":"","meta":[],"_links":{"self":[{"href":"https:\/\/ksiegowoscmm.pl\/index.php?rest_route=\/wp\/v2\/pages\/5"}],"collection":[{"href":"https:\/\/ksiegowoscmm.pl\/index.php?rest_route=\/wp\/v2\/pages"}],"about":[{"href":"https:\/\/ksiegowoscmm.pl\/index.php?rest_route=\/wp\/v2\/types\/page"}],"author":[{"embeddable":true,"href":"https:\/\/ksiegowoscmm.pl\/index.php?rest_route=\/wp\/v2\/users\/1"}],"replies":[{"embeddable":true,"href":"https:\/\/ksiegowoscmm.pl\/index.php?rest_route=%2Fwp%2Fv2%2Fcomments&post=5"}],"version-history":[{"count":4,"href":"https:\/\/ksiegowoscmm.pl\/index.php?rest_route=\/wp\/v2\/pages\/5\/revisions"}],"predecessor-version":[{"id":40,"href":"https:\/\/ksiegowoscmm.pl\/index.php?rest_route=\/wp\/v2\/pages\/5\/revisions\/40"}],"wp:attachment":[{"href":"https:\/\/ksiegowoscmm.pl\/index.php?rest_route=%2Fwp%2Fv2%2Fmedia&parent=5"}],"curies":[{"name":"wp","href":"https:\/\/api.w.org\/{rel}","templated":true}]}}